162312?
2
What is the hundreds digit of 221711?
7
What is the hundreds digit of 154233?
2
What is the tens digit of 170994?
9
What is the units digit of 61813?
3
What is the units digit of 11804136?
6
What is the units digit of 134919?
9
What is the thousands digit of 1357885?
7
What is the units digit of 11724324?
4
What is the units digit of 314775?
5
What is the units digit of 2434207?
7
What is the units digit of 1012119?
9
What is the units digit of 1773094?
4
What is the units digit of 3198982?
2
What is the hundreds digit of 946208?
2
What is the hundreds digit of 213522?
5
What is the units digit of 9818417?
7
What is the millions digit of 7368812?
7
What is the hundreds digit of 4582925?
9
What is the thousands digit of 80068?
0
What is the thousands digit of 872880?
2
What is the thousands digit of 1535533?
5
What is the hundred thousands digit of 3377819?
3
What is the tens digit of 291640?
4
What is the ten millions digit of 11757768?
1
What is the hundred thousands digit of 4447380?
4
What is the millions digit of 1219213?
1
What is the hundreds digit of 31864684?
6
What is the units digit of 6292247?
7
What is the ten millions digit of 16270267?
1
What is the tens digit of 247703?
0
What is the thousands digit of 7658262?
8
What is the tens digit of 4260445?
4
What is the tens digit of 188718?
1
What is the hundreds digit of 23726392?
3
What is the hundreds digit of 2928062?
0
What is the hundreds digit of 202142?
1
What is the millions digit of 1957856?
1
What is the tens digit of 1611428?
2
What is the tens digit of 16016041?
4
What is the units digit of 5819933?
3
What is the units digit of 2369662?
2
What is the units digit of 150162?
2
What is the hundreds digit of 27660?
6
What is the tens digit of 1280941?
4
What is the hundred thousands digit of 2138192?
1
What is the ten thousands digit of 479147?
7
What is the hundred thousands digit of 2093851?
0
What is the units digit of 1587?
7
What is the hundreds digit of 911121?
1
What is the hundred thousands digit of 839625?
8
What is the hundred thousands digit of 1785091?
7
What is the ten millions digit of 11232593?
1
What is the ten thousands digit of 5707124?
0
What is the thousands digit of 6010531?
0
What is the tens digit of 98068?
6
What is the tens digit of 12935758?
5
What is the hundreds digit of 785623?
6
What is the millions digit of 7600132?
7
What is the ten millions digit of 12583236?
1
What is the tens digit of 17794535?
3
What is the hundreds digit of 2203607?
6
What is the millions digit of 30113566?
0
What is the thousands digit of 168231?
8
What is the tens digit of 1880794?
9
What is the hundreds digit of 334047?
0
What is the millions digit of 7128362?
7
What is the units digit of 156211?
1
What is the hundreds digit of 36421?
4
What is the units digit of 105006?
6
What is the hundred thousands digit of 35808729?
8
What is the ten millions digit of 12969330?
1
What is the ten thousands digit of 432378?
3
What is the hundred thousands digit of 7240441?
2
What is the hundreds digit of 905926?
9
What is the thousands digit of 447722?
7
What is the hundreds digit of 896110?
1
What is the ten thousands digit of 15029418?
2
What is the units digit of 359827?
7
What is the thousands digit of 450031?
0
What is the hundred thousands digit of 217675?
2
What is the hundreds digit of 3106946?
9
What is the hundreds digit of 463509?
5
What is the thousands digit of 953647?
3
What is the units digit of 89462?
2
What is the hundreds digit of 3697107?
1
What is the units digit of 2857383?
3
What is the hundred thousands digit of 695010?
6
What is the ten thousands digit of 4525760?
2
What is the ten thousands digit of 8079452?
7
What is the units digit of 31361570?
0
What is the thousands digit of 26538?
6
What is the thousands digit of 735015?
5
What is the units digit of 3385221?
1
What is the tens digit of 11192086?
8
What is the thousands digit of 962129?
2
What is the units digit of 175916?
6
What is the hundreds digit of 12971405?
4
What is the tens digit of 861691?
9
What is the units digit of 5007838?
8
What is the thousands digit of 91058?
1
What is the tens digit of 5373744?
4
What is the ten thousands digit of 32026993?
2
What is the tens digit of 200221?
2
What is the ten thousands digit of 16162957?
6
What is the thousands digit of 20711144?
1
What is the thousands digit of 70698?
0
What is the hundreds digit of 107476?
4
What is the thousands digit of 930175?
0
What is the units digit of 5735958?
8
What is the hundreds digit of 19027857?
8
What is the units digit of 36283523?
3
What is the tens digit of 1494491?
9
What is the thousands digit of 2888021?
8
What is the hundreds digit of 81192?
1
What is the ten thousands digit of 11797927?
9
What is the thousands digit of 829878?
9
What is the millions digit of 2845608?
2
What is the tens digit of 400158?
5
What is the hundred thousands digit of 1039481?
0
What is the units digit of 5651523?
3
What is the ten thousands digit of 12277257?
7
What is the hundred thousands digit of 140589?
1
What is the hundreds digit of 7789003?
0
What is the hundred thousands digit of 4641227?
6
What is the hundreds digit of 5646860?
8
What is the tens digit of 626908?
0
What is the tens digit of 800960?
6
What is the hundreds digit of 153777?
7
What is the hundreds digit of 1574702?
7
What is the thousands digit of 1147705?
7
What is the millions digit of 4251636?
4
What is the hundred thousands digit of 190792?
1
What is the thousands digit of 801008?
1
What is the units digit of 89089?
9
What is the thousands digit of 3665173?
5
What is the ten thousands digit of 8786368?
8
What is the ten thousands digit of 2026143?
2
What is the thousands digit of 971050?
1
What is the hundred thousands digit of 24126682?
1
What is the hundreds digit of 84046?
0
What is the units digit of 1142996?
6
What is the tens digit of 4911762?
6
What is the hundreds digit of 10212184?
1
What is the hundred thousands digit of 406070?
4
What is the millions digit of 1492422?
1
What is the ten thousands digit of 1719060?
1
What is the hundred thousands digit of 1158785?
1
What is the hundreds digit of 262257?
2
What is the units digit of 5993255?
5
What is the thousands digit of 261079?
1
What is the ten thousands digit of 825699?
2
What is the tens digit of 846758?
5
What is the tens digit of 119744?
4
What is the millions digit of 8307590?
8
What is the tens digit of 184975?
7
What is the tens digit of 2270309?
0
What is the tens digit of 8185?
8
What is the hundred thousands digit of 860719?
8
What is the hundreds digit of 102783?
7
What is the ten thousands digit of 217242?
1
What is the units digit of 178411?
1
What is the units digit of 1627542?
2
What is the ten thousands digit of 2956381?
5
What is the units digit of 415921?
1
What is the hundred thousands digit of 640820?
6
What is the hundreds digit of 3059707?
7
What is the thousands digit of 12189794?
9
What is the ten thousands digit of 38907?
3
What is the units digit of 1038645?
5
What is the hundred thousands digit of 7268154?
2
What is the tens digit of 441804?
0
What is the units digit of 9405?
5
What is the thousands digit of 1839653?
9
What is the hundreds digit of 552096?
0
What is the hundreds digit of 1204819?
8
What is the units digit of 2097733?
3
What is the hundreds digit of 628829?
8
What is the ten millions digit of 11355671?
1
What is the millions digit of 6953027?
6
What is the tens digit of 47561?
6
What is the units digit of 6570208?
8
What is the thousands digit of 678290?
8
What is the units digit of 4062336?
6
What is the ten millions digit of 14883920?
1
What is the tens digit of 34138?
3
What is the thousands digit of 196176?
6
What is the ten thousands digit of 2510744?
1
What is the hundreds digit of 1036039?
0
What is the tens digit of 565480?
8
What is the thousands digit of 30479?
0
What is the ten thousands digit of 613861?
1
What is the millions digit of 3256791?
3
What is the hundred thousands digit of 4118705?
1
What is the tens digit of 407236?
3
What is the ten thousands digit of 11739122?
3
What is the millions digit of 32950528?
2
What is the thousands digit of 10841679?
1
What is the tens digit of 11992994?
9
What is the ten thousands digit of 1